{"id":950,"date":"2020-06-21T13:01:58","date_gmt":"2020-06-21T11:01:58","guid":{"rendered":"https:\/\/blog.dieter-rossbach.com\/E30\/?page_id=950"},"modified":"2024-03-03T21:50:58","modified_gmt":"2024-03-03T19:50:58","slug":"fahrzeugsdaten","status":"publish","type":"page","link":"https:\/\/blog.dieter-rossbach.com\/E30\/fahrzeugsdaten\/","title":{"rendered":"Fahrzeugsdaten"},"content":{"rendered":"\n<p><img loading=\"lazy\" decoding=\"async\" width=\"800\" height=\"1116\" class=\"wp-image-956\" style=\"width: 800px;\" src=\"https:\/\/blog.dieter-rossbach.com\/E30\/wp-content\/uploads\/sites\/2\/2020\/06\/e30-235-800.jpg\" alt=\"\" srcset=\"https:\/\/blog.dieter-rossbach.com\/E30\/wp-content\/uploads\/sites\/2\/2020\/06\/e30-235-800.jpg 800w, https:\/\/blog.dieter-rossbach.com\/E30\/wp-content\/uploads\/sites\/2\/2020\/06\/e30-235-800-215x300.jpg 215w, https:\/\/blog.dieter-rossbach.com\/E30\/wp-content\/uploads\/sites\/2\/2020\/06\/e30-235-800-734x1024.jpg 734w, https:\/\/blog.dieter-rossbach.com\/E30\/wp-content\/uploads\/sites\/2\/2020\/06\/e30-235-800-768x1071.jpg 768w\" sizes=\"auto, (max-width: 800px) 100vw, 800px\" \/><\/p>\n\n\n\n<p>Der BMW E30 kam als Nachfolger des E21 im Jahre 1982 als zweit\u00fcrige Limousine Limousine auf den Markt. 1983 folge eine viert\u00fcrige Limousine, ab Ende 1985 wurde das Carbrio angeboten und 1987 als letzte Variante der Touring.<\/p>\n\n\n\n<p>Es gab insgesamt drei Versionen, in der Szene als VVFL ( Vor-VorFacelift), VFL (VorFacelift) und NFL (nach Facelift) bekannt. die NFL-Versioen unterscheiden sich auf den ersten Blick durch Kunststoff-Sto\u00dfstangen statt der als Chrom bei den VVFL und VFL-Versionen sowie durch gr\u00f6\u00dftere R\u00fcckleuchten, die \u00c4nderungen von VVFL zu sind subtiler und nur im direkten Vergleich zu erkennen. Die gro\u00dfe Modell\u00fcberarbeitung kam f\u00fcr die Limousinen 1987 auf den Markt, den Touring gab es nur als NFL und das Cabrio bekam die \u00c4nderungen erst zum Herbst 1990.<\/p>\n\n\n\n<p>Drei weitere Karosserievarianten bauten auf die Serienversionen auf und waren nur als Zweit\u00fcrer lieferbar: der M3, das M3 Cabrio sowie das Baur Cabriolet.<\/p>\n\n\n\n<p>Mein BMW ist ein VFL-Modell. Es wurde an 25. September 1988 in M\u00fcnchen gebaut.<\/p>\n\n\n\n<p>BMW 320 I CABRIO KATALYSATOR mit folgender Ausstattung :<br \/>Farbe 0224 WEINROT<br \/>Innenaustattung 0304 ANTHRAZIT &#8211; STOFF<\/p>\n\n\n\n<p>Optionen:<br>0370 STOFFVERDECK SCHWARZ<br>0288 7DX15 LM-GUSSRAD 205\/55VR15<br>0704 M TECHNIC SPORTFAHRWERK, GASDRUCKD\u00c4MPFER<br>0494 SITZHEIZUNG F\u00dcR FAHRER-BEIFAHRER<br>0235 ANH\u00c4NGERKUPPLUNG KOPF ABNEHMBAR<br>0320 OHNE MODELLSCHRIFTZUG<\/p>\n\n\n\n<figure class=\"wp-block-image size-large\"><img loading=\"lazy\" decoding=\"async\" width=\"719\" height=\"1024\" src=\"https:\/\/blog.dieter-rossbach.com\/E30\/wp-content\/uploads\/sites\/2\/2020\/06\/e30-236-800-719x1024.jpg\" alt=\"\" class=\"wp-image-957\" srcset=\"https:\/\/blog.dieter-rossbach.com\/E30\/wp-content\/uploads\/sites\/2\/2020\/06\/e30-236-800-719x1024.jpg 719w, https:\/\/blog.dieter-rossbach.com\/E30\/wp-content\/uploads\/sites\/2\/2020\/06\/e30-236-800-211x300.jpg 211w, https:\/\/blog.dieter-rossbach.com\/E30\/wp-content\/uploads\/sites\/2\/2020\/06\/e30-236-800-768x1094.jpg 768w, https:\/\/blog.dieter-rossbach.com\/E30\/wp-content\/uploads\/sites\/2\/2020\/06\/e30-236-800.jpg 800w\" sizes=\"auto, (max-width: 719px) 100vw, 719px\" \/><\/figure>\n\n\n\n<figure class=\"wp-block-image size-large\"><img loading=\"lazy\" decoding=\"async\" width=\"800\" height=\"703\" src=\"https:\/\/blog.dieter-rossbach.com\/E30\/wp-content\/uploads\/sites\/2\/2020\/06\/e30-237-800.jpg\" alt=\"\" class=\"wp-image-958\" srcset=\"https:\/\/blog.dieter-rossbach.com\/E30\/wp-content\/uploads\/sites\/2\/2020\/06\/e30-237-800.jpg 800w, https:\/\/blog.dieter-rossbach.com\/E30\/wp-content\/uploads\/sites\/2\/2020\/06\/e30-237-800-300x264.jpg 300w, https:\/\/blog.dieter-rossbach.com\/E30\/wp-content\/uploads\/sites\/2\/2020\/06\/e30-237-800-768x675.jpg 768w, https:\/\/blog.dieter-rossbach.com\/E30\/wp-content\/uploads\/sites\/2\/2020\/06\/e30-237-800-341x300.jpg 341w\" sizes=\"auto, (max-width: 800px) 100vw, 800px\" \/><\/figure>\n\n\n\n<p>Erstzulassung: 10.10.1988<\/p>\n\n\n\n<p>M20B20 6 Zylinder Reihenmotor<br \/>1990 ccm<br \/>Bohrung x Hub 80,0&nbsp;mm&nbsp;\u00d7&nbsp;66,0 mm<br \/>Verdichtung 8,8:1<br \/>Bosch Motronic DME1.3<br \/>95 kW (129 PS) \/6000<br \/>164 Nm \/4300<br \/>Leergewicht: 1295 kg<br \/>L\u00e4nge: 4425 mm<br \/>Breite: 1645 mm<br \/>H\u00f6he: 1350 mm<br \/>Radstand: 2570mm<\/p>\n","protected":false},"excerpt":{"rendered":"<p>Der BMW E30 kam als Nachfolger des E21 im Jahre 1982 als zweit\u00fcrige Limousine Limousine auf den Markt. 1983 folge eine viert\u00fcrige Limousine, ab Ende 1985 wurde das Carbrio angeboten und 1987 als letzte Variante der Touring. Es gab insgesamt &hellip; <a href=\"https:\/\/blog.dieter-rossbach.com\/E30\/fahrzeugsdaten\/\">Weiterlesen <span class=\"meta-nav\">&rarr;<\/span><\/a><\/p>\n","protected":false},"author":1,"featured_media":0,"parent":0,"menu_order":0,"comment_status":"closed","ping_status":"closed","template":"","meta":{"footnotes":""},"class_list":["post-950","page","type-page","status-publish","hentry"],"_links":{"self":[{"href":"https:\/\/blog.dieter-rossbach.com\/E30\/wp-json\/wp\/v2\/pages\/950","targetHints":{"allow":["GET"]}}],"collection":[{"href":"https:\/\/blog.dieter-rossbach.com\/E30\/wp-json\/wp\/v2\/pages"}],"about":[{"href":"https:\/\/blog.dieter-rossbach.com\/E30\/wp-json\/wp\/v2\/types\/page"}],"author":[{"embeddable":true,"href":"https:\/\/blog.dieter-rossbach.com\/E30\/wp-json\/wp\/v2\/users\/1"}],"replies":[{"embeddable":true,"href":"https:\/\/blog.dieter-rossbach.com\/E30\/wp-json\/wp\/v2\/comments?post=950"}],"version-history":[{"count":8,"href":"https:\/\/blog.dieter-rossbach.com\/E30\/wp-json\/wp\/v2\/pages\/950\/revisions"}],"predecessor-version":[{"id":1010,"href":"https:\/\/blog.dieter-rossbach.com\/E30\/wp-json\/wp\/v2\/pages\/950\/revisions\/1010"}],"wp:attachment":[{"href":"https:\/\/blog.dieter-rossbach.com\/E30\/wp-json\/wp\/v2\/media?parent=950"}],"curies":[{"name":"wp","href":"https:\/\/api.w.org\/{rel}","templated":true}]}}

<p><img loading="lazy" decoding="async" width="800" height="1116" class="wp-image-956" style="width: 800px;" src="https://blog.dieter-rossbach.com/E30/wp-content/uploads/sites/2/2020/06/e30-235-800.jpg" alt="" srcset="https://blog.dieter-rossbach.com/E30/wp-content/uploads/sites/2/2020/06/e30-235-800.jpg 800w, https://blog.dieter-rossbach.com/E30/wp-content/uploads/sites/2/2020/06/e30-235-800-215x300.jpg 215w, https://blog.dieter-rossbach.com/E30/wp-content/uploads/sites/2/2020/06/e30-235-800-734x1024.jpg 734w, https://blog.dieter-rossbach.com/E30/wp-content/uploads/sites/2/2020/06/e30-235-800-768x1071.jpg 768w" sizes="auto, (max-width: 800px) 100vw, 800px" /></p>



<p>Der BMW E30 kam als Nachfolger des E21 im Jahre 1982 als zweitürige Limousine Limousine auf den Markt. 1983 folge eine viertürige Limousine, ab Ende 1985 wurde das Carbrio angeboten und 1987 als letzte Variante der Touring.</p>



<p>Es gab insgesamt drei Versionen, in der Szene als VVFL ( Vor-VorFacelift), VFL (VorFacelift) und NFL (nach Facelift) bekannt. die NFL-Versioen unterscheiden sich auf den ersten Blick durch Kunststoff-Stoßstangen statt der als Chrom bei den VVFL und VFL-Versionen sowie durch größtere Rückleuchten, die Änderungen von VVFL zu sind subtiler und nur im direkten Vergleich zu erkennen. Die große Modellüberarbeitung kam für die Limousinen 1987 auf den Markt, den Touring gab es nur als NFL und das Cabrio bekam die Änderungen erst zum Herbst 1990.</p>



<p>Drei weitere Karosserievarianten bauten auf die Serienversionen auf und waren nur als Zweitürer lieferbar: der M3, das M3 Cabrio sowie das Baur Cabriolet.</p>



<p>Mein BMW ist ein VFL-Modell. Es wurde an 25. September 1988 in München gebaut.</p>



<p>BMW 320 I CABRIO KATALYSATOR mit folgender Ausstattung :<br />Farbe 0224 WEINROT<br />Innenaustattung 0304 ANTHRAZIT &#8211; STOFF</p>



<p>Optionen:<br>0370 STOFFVERDECK SCHWARZ<br>0288 7DX15 LM-GUSSRAD 205/55VR15<br>0704 M TECHNIC SPORTFAHRWERK, GASDRUCKDÄMPFER<br>0494 SITZHEIZUNG FÜR FAHRER-BEIFAHRER<br>0235 ANHÄNGERKUPPLUNG KOPF ABNEHMBAR<br>0320 OHNE MODELLSCHRIFTZUG</p>



<figure class="wp-block-image size-large"><img loading="lazy" decoding="async" width="719" height="1024" src="https://blog.dieter-rossbach.com/E30/wp-content/uploads/sites/2/2020/06/e30-236-800-719x1024.jpg" alt="" class="wp-image-957" srcset="https://blog.dieter-rossbach.com/E30/wp-content/uploads/sites/2/2020/06/e30-236-800-719x1024.jpg 719w, https://blog.dieter-rossbach.com/E30/wp-content/uploads/sites/2/2020/06/e30-236-800-211x300.jpg 211w, https://blog.dieter-rossbach.com/E30/wp-content/uploads/sites/2/2020/06/e30-236-800-768x1094.jpg 768w, https://blog.dieter-rossbach.com/E30/wp-content/uploads/sites/2/2020/06/e30-236-800.jpg 800w" sizes="auto, (max-width: 719px) 100vw, 719px" /></figure>



<figure class="wp-block-image size-large"><img loading="lazy" decoding="async" width="800" height="703" src="https://blog.dieter-rossbach.com/E30/wp-content/uploads/sites/2/2020/06/e30-237-800.jpg" alt="" class="wp-image-958" srcset="https://blog.dieter-rossbach.com/E30/wp-content/uploads/sites/2/2020/06/e30-237-800.jpg 800w, https://blog.dieter-rossbach.com/E30/wp-content/uploads/sites/2/2020/06/e30-237-800-300x264.jpg 300w, https://blog.dieter-rossbach.com/E30/wp-content/uploads/sites/2/2020/06/e30-237-800-768x675.jpg 768w, https://blog.dieter-rossbach.com/E30/wp-content/uploads/sites/2/2020/06/e30-237-800-341x300.jpg 341w" sizes="auto, (max-width: 800px) 100vw, 800px" /></figure>



<p>Erstzulassung: 10.10.1988</p>



<p>M20B20 6 Zylinder Reihenmotor<br />1990 ccm<br />Bohrung x Hub 80,0&nbsp;mm&nbsp;×&nbsp;66,0 mm<br />Verdichtung 8,8:1<br />Bosch Motronic DME1.3<br />95 kW (129 PS) /6000<br />164 Nm /4300<br />Leergewicht: 1295 kg<br />Länge: 4425 mm<br />Breite: 1645 mm<br />Höhe: 1350 mm<br />Radstand: 2570mm</p>

<p>Der BMW E30 kam als Nachfolger des E21 im Jahre 1982 als zweitürige Limousine Limousine auf den Markt. 1983 folge eine viertürige Limousine, ab Ende 1985 wurde das Carbrio angeboten und 1987 als letzte Variante der Touring. Es gab insgesamt &hellip; <a href="https://blog.dieter-rossbach.com/E30/fahrzeugsdaten/">Weiterlesen <span class="meta-nav">&rarr;</span></a></p>
